greatest common divisor of 63 and v.
7
Let s(d) = -d**2 + 10*d. Let h = -19 + 24. Let x be s(h). Calculate the highest common divisor of x and 50.
25
Let a(x) = 9*x**3 - 218*x**2 + 50*x - 3. Let g be a(24). Suppose 2*d - 90 = -d. What is the highest common factor of d and g?
15
Let t(p) = -p**3 + 9*p**2 + 8*p - 7. Let g be t(7). Suppose 5*a + 82 = g. Calculate the greatest common divisor of 143 and a.
13
Let r = -811 + 1000. Calculate the greatest common factor of 27 and r.
27
Let m = 1 - -14. Suppose 3*y + 3105 = 26*y. Calculate the highest common divisor of y and m.
15
Let m(z) = -z + 1. Let x be m(-6). Let r(c) = -3*c + 14. Let i be r(x). Let f = i - -14. Calculate the highest common divisor of f and 35.
7
Let w = 38 + -35. Suppose -4*s + 2*f = -106, -2*f - 77 = -w*s + 2*f. What is the greatest common divisor of s and 9?
9
Let h be (-18)/(-2)*(12 + -15). Let d = -22 - h. Let i be 70/(-50)*d*-1. What is the highest common factor of 21 and i?
7
Let r(w) = 24*w + 84. Let v be r(0). What is the highest common factor of 140 and v?
28
Let a = -404 - -508. Calculate the highest common divisor of a and 24.
8
Let z(h) be the first derivative of h**2/2 + 7. Let j be z(11). Suppose 15 = a + b, 2*a + 1 - 7 = 4*b. What is the greatest common divisor of j and a?
11
Let j(z) = 84 + z - 84. Let v be j(-13). Let c be (0 + v + 2)*-9. What is the highest common divisor of 9 and c?
9
Let y = -25 + 61. What is the highest common factor of y and 20?
4
Let q = -5 - -31. Suppose 5*m + 0*m - 1165 = 0. Suppose 4*f - m - 27 = 0. Calculate the greatest common factor of f and q.
13
Let i be 4/((-17 + 23)*(-1)/(-45)). Calculate the greatest common divisor of 480 and i.
30
Let s be (4 - 3)*3*1. Let h(i) = -4*i**2 + i - 5. Let q be h(s). Let a = q + 64. Calculate the highest common factor of a and 104.
26
Let i(j) = -j**2 + 13*j + 2. Suppose -66 = -4*x - 2*x. Let r be i(x). Calculate the highest common divisor of 3 and r.
3
Let m(q) = q**3 + 15*q**2 - q - 17. Let t be m(-15). Let i be 1 + (t - -2) - 9. Let j be (i + -10)*(-2)/4. Calculate the greatest common factor of 6 and j.
3
Suppose 4*g = 4, 3*q + 5*g - 4*g = 82. Let y be (-4)/(-6) - -52*2/6. Let u be 9/y + (0 - 70/(-4)). What is the greatest common divisor of q and u?
9
Suppose -17*z + 2705 = 495. Calculate the greatest common factor of z and 494.
26
Let l = -480 - -572. Calculate the greatest common factor of 322 and l.
46
Let v(h) = h**3 + 2*h**2 + h + 6. Let f be v(-3). Let i be (-9*8/f)/(3/6). What is the greatest common factor of i and 192?
24
Let g(q) = 4*q**2 - 8*q + 6. Let i be g(5). Let y = i - 51. What is the highest common factor of y and 60?
15
Let f(y) = -19*y - 3. Let q(h) = 7*h - 4*h**2 - 6*h**2 + 9*h**2 - 12. Let a be q(5). Let u be f(a). Calculate the highest common divisor of u and 7.
7
Let x(j) = 7*j - 108. Let w be x(17). Calculate the greatest common divisor of w and 11.
11
Let a = 1 + 21. Let h(j) = -6*j - 46. Let z be h(-8). Calculate the highest common factor of a and z.
2
Suppose -2*b - 5 + 51 = 0. Calculate the greatest common factor of b and 437.
23
Let u(q) = -23*q**3 + q**2 + 3*q + 1. Let t = -34 - -36. Suppose -a + 0*d + t = d, d - 3 = 0. Let j be u(a). What is the greatest common factor of 11 and j?
11
Let n(b) = -2*b + 26. Let a be n(9). Suppose 0 = a*w + 44 - 180. Calculate the highest common factor of w and 17.
17
Suppose h = 5*h + b - 47, -2*h + 51 = -5*b. Let v be (18/7)/(h/91). Calculate the highest common factor of 126 and v.
18
Suppose -m - 3117 = -2*m + 4*y, -3*m = -y - 9318. What is the highest common divisor of m and 15?
15
Let z = -25 - -42. Suppose 7 = j - z. Suppose -23*h = -19*h - j. What is the greatest common divisor of 54 and h?
6
Let l = 52 + -44. Suppose -3*f = -l*f + 800. Calculate the greatest common factor of f and 64.
32
Suppose -43 - 516 = -13*a. Calculate the highest common divisor of 172 and a.
43
Suppose r + 2*c = -r + 14, 0 = -3*r - 5*c + 19. What is the greatest common factor of r and 248?
8
Let v be ((-36)/45)/(3/15) - -8. Calculate the greatest common divisor of 22 and v.
2
Suppose -5*c = 27 + 58. Let l = 19 + c. Calculate the highest common divisor of l and 22.
2
Let o be (1 - 4)/(-2 - -1). Suppose -o*l + 359 = -w, -2*w - 2 = 2. What is the greatest common divisor of 17 and l?
17
Let q(n) = 2*n**2 + 2*n + 3. Let k = 22 + -8. Suppose -k = -5*y - x, -x + 3 = 4*y - 8. Let s be q(y). Calculate the greatest common factor of 54 and s.
27
Let t(q) = -q + 43. Let j(c) = 2*c - 64. Let m(v) = 5*j(v) + 8*t(v). Let u be m(-7). What is the greatest common factor of u and 15?
5
Let y(f) = 10*f**3 + 2*f**2 - 4*f + 8. Let v be y(2). Calculate the highest common factor of 24 and v.
8
Let f = 89 - 78. What is the greatest common factor of 1 and f?
1
Let i(h) = -h**3 + 4*h + 4. Let y be i(-5). Suppose 0 = 8*a - 307 - y. Calculate the highest common divisor of 13 and a.
13
Let d be 15/(-3)*2*-9. Let y = -36 - -51. Suppose 5*s - 184 = -4*x - 25, 0 = -5*s + y. What is the greatest common divisor of d and x?
18
Suppose 4*j = -5*r + 1088, -r + 235 = -42*j + 37*j. What is the highest common factor of r and 165?
55
Let d = 491 + -251. Suppose 5*f = -11*f + d. What is the greatest common factor of f and 6?
3
Let b be 1/(-2)*410/(-5). Let o = -2 + b. Calculate the greatest common factor of 3 and o.
3
Let t = 19 - 19. Suppose 4*c + 0*c - 8 = t. Suppose -255 = -3*d - 5*i, c*d + d - 4*i - 228 = 0. What is the highest common divisor of d and 20?
20
Let q(y) = -y**3 + 4*y**2 + 7*y + 1. Let t be q(5). Let n = -47 + 80. Calculate the highest common factor of t and n.
11
Let y be (-1)/4 - (-193)/4. Let x(r) = -r**3 - 28*r**2 - 202*r - 39. Let p be x(-9). What is the greatest common factor of y and p?
48
Let f = 533 + -464. Calculate the highest common factor of 92 and f.
23
Suppose -9 = -2*u - 3*g, 3*u - 26 = 2*g + 20. Calculate the highest common divisor of 228 and u.
12
Suppose 4*a + 2*s - 1681 + 71 = 0, 1995 = 5*a - s. What is the greatest common divisor of 25 and a?
25
Suppose z = -5*y + 580, -y = -5*z - 103 + 13. What is the greatest common divisor of 45 and y?
5
Let x be 1/((-89)/60 + 9/6). What is the greatest common factor of 150 and x?
30
Let m = -102 - -150. Let h be 30/8*(-336)/(-105). Calculate the highest common factor of h and m.
12
Let w = 393 + -190. Let u = -49 + w. What is the highest common divisor of 14 and u?
14
Suppose 4*y - 1 = -13. Let a be ((-2)/y)/(12/162). Calculate the highest common divisor of a and 18.
9
Suppose 2*p - 82 = -3*q + 94, 0 = -p - 2. What is the highest common factor of q and 340?
20
Suppose 0 = -3*l + 4*r - 0*r - 17, 4*r - 18 = 2*l. What is the highest common divisor of l and 2?
1
Let b = 1477 - 2947. Let j be b/(-24) + 3/4. Calculate the highest common divisor of j and 93.
31
Let j(k) = 2*k**2 + 4*k - 1. Suppose -5*c + 3*c - 8 = 0. Let v be j(c). Let x = 59 - v. What is the highest common factor of 110 and x?
22
Let p = 34 + -32. Suppose -i = -5*k + 30, 8 = -k + p*i + i. Let c = 3 + 18. Calculate the highest common divisor of c and k.
7
Suppose -2*q + 5*d = -4*q + 18, -2*q - 4*d + 16 = 0. Let p = q + 16. Let z = -416 - -421. What is the greatest common divisor of z and p?
5
Suppose 2*d = z + 51, -2*d - 2*z - 21 = -63. Calculate the greatest common divisor of d and 6.
6
Suppose 5*n - 9 = 4*n + 2*o, 14 = -2*n - 4*o. Let q = n + -13. Let y be (-220)/(-6) + q/18. Calculate the greatest common divisor of y and 12.
12
Suppose 13 - 6 = 7*g. Let z(b) = 139*b**2 - b + 2. Let i be z(g). What is the greatest common divisor of i and 20?
20
Let k(y) = 47*y**2 - 2*y + 1. Let w be k(3). Let d(a) = -a**3 + 50*a**2 - 181*a - 100. Let c be d(46). What is the greatest common factor of w and c?
38
Suppose 12 = 4*s + d - 6*d, -2*s - 2*d + 6 = 0. Calculate the highest common divisor of s and 57.
3
Let d(t) = t**2 - 8*t + 99. Let g be d(6). Calculate the greatest common factor of 377 and g.
29
Suppose 809 + 109 = 102*w. Suppose -162 = 4*a - 7*a. Let q be (3/2 - 0)*a. What is the greatest common factor of q and w?
9
Let a = -205 + 211. Let c(m) = 42*m**2 - 6*m - 6. Let k be c(-1). Calculate the highest common factor of a and k.
6
Let b be ((-27)/6)/(3/(-4)) - -2. Calculate the highest common factor of 248 and b.
8
Suppose 0 = -u + 2*o + 67, 5*u = -7*o + 9*o + 319. 